+ 553 + 1089 = -h. Is c prime?
True
Suppose 299*u - 304*u + 70 = 0. Suppose -u*t - 63290 = -24*t. Is t a prime number?
True
Suppose 0 = -3*f + 86 - 101. Let g(y) = y**2 + 1. Let r(j) = 2*j**3 - 3*j**2 - 7*j + 1. Let u(i) = 2*g(i) - r(i). Is u(f) composite?
True
Let n(v) = 4*v**2 - 55*v - 4. Let a be n(14). Suppose -23645 = -a*s + 25745. Is s prime?
False
Let u(t) = 110859*t**2 - 80*t + 3. Is u(-2) a composite number?
True
Suppose -113*m = -90*m - 6465133 + 7676. Is m a composite number?
False
Let u(a) = a**3 - 11*a**2 + 13*a - 25. Let o be u(10). Suppose o*r + 7 = s, 3*r - 6 = 5*s - 19. Suppose s*l + 3*l = 295. Is l a composite number?
False
Let z be ((-4)/4)/(-1)*(-5)/1. Is z/(-5)*-1 + 8596/7 a prime number?
False
Suppose 5*m + 593686 = f, f - 3*m - 593651 = -5*m. Is f a composite number?
True
Let r(k) = 39*k**2 + k. Let i be r(-3). Let t = -384 - -193. Let c = i + t. Is c composite?
False
Let u(y) = -4*y**2 + 35*y - 17. Let v be u(8). Let r(p) = 3*p**3 - 2*p**2 - 7*p - 16. Is r(v) a prime number?
False
Let y(z) = 871*z + 65. Let l(c) = -c. Let p(q) = -l(q) - y(q). Is p(-6) a composite number?
True
Let j = 80774 - 33877. Is j prime?
False
Suppose 2432875 = 22*o - 14912211. Is o a prime number?
True
Let h be ((0/(-3))/(-4))/(4/2). Suppose h = 348*v - 358*v + 55850. Is v composite?
True
Is (216/648)/((-171320)/171321 - -1) prime?
True
Let x(m) = m**2 - 46*m - 194. Let o be x(-4). Let p(a) = -3*a**2 - 2*a + 1. Let t(k) = -k**2 - 1. Let i(d) = 3*p(d) - 12*t(d). Is i(o) composite?
True
Let l = 5 + -3. Suppose 13*j - 3*j = -0*j. Suppose -v + g + 417 = j, 849 = -l*v + 4*v + g. Is v a composite number?
True
Suppose -w = -d - 4, -d + 3 = 3*w - 9. Suppose y + 5*u - 512 = d, -4*u - 275 + 2275 = 4*y. Suppose -3*j + 3*z = -768, -2*j = 8*z - 5*z - y. Is j prime?
False
Let t(h) = -13*h + 739. Suppose -7*x = -24*x. Is t(x) composite?
False
Let x be ((-30)/90)/((-1)/3) + 87. Is 2/(-4)*-383 + x/(-176) a prime number?
True
Let f(v) = -8*v + 4. Let x(i) = 24*i - 11. Let k(t) = -8*f(t) - 3*x(t). Let l be k(-10). Suppose j + 7 = 5*z + l, 4*j - 275 = -z. Is j prime?
False
Let j = 31 - 27. Let k be (-85)/(-15) + j/(-6). Suppose -2*o = i - 245, -417 = -2*i + k*o + 100. Is i a prime number?
True
Suppose y + 5453 = -3454. Is y*((-49)/(-3))/(-7) composite?
True
Let z = 34824 - 15887. Is z a composite number?
True
Suppose 11*f - 315 + 2240 = 0. Is ((-2)/7 + 5025/f)*-97 composite?
True
Let f be (-72)/(-27) - (-1)/3. Suppose 4*u - f*z = 108656 + 28608, -3*u + 4*z = -102941. Is u prime?
True
Let g be (-5)/2*13/(130/(-39460)). Let w = -2938 + g. Is w a composite number?
True
Let j = 25818 + 22339. Is j a composite number?
False
Is (-1280806)/(-10) + 2/(-4)*224/(-280) prime?
False
Let t = -76 + 80. Is t/4 + -2 - 3*-4366 prime?
False
Let w(c) = -73*c**3 + 6*c**2 + 8*c + 19. Let d be w(-6). Is d*-8*8/(-320) composite?
False
Let p be 1 - (-1 - -4 - 2)*5. Let g be 434 + 2 + 5/(4/p). Suppose -3*i - g = -n - n, -841 = -4*n - i. Is n composite?
False
Is (1140/(-85))/(3/(-5980)) + 8/(-68) a composite number?
True
Suppose -26150 = 11*h - h. Let b = 3754 + h. Is b composite?
True
Suppose -2*f = -2*v + 2311 + 1013, -5*v - f + 8280 = 0. Is v a prime number?
True
Let f be 4 + (-1 - -5 - 1). Is (-209570)/(-14) - (f - (-564)/(-84)) a prime number?
True
Is (-3)/(-2)*(-699573084)/(-2394) a prime number?
True
Let f(t) = 2*t**3 + 3*t**2 - 37*t + 8. Let n be f(-7). Is (-14)/(-12)*4382 + n/(-408) composite?
False
Let w be (3 - 1) + -9 + 1. Let o(d) = 45*d. Let q be o(w). Let b = -113 - q. Is b composite?
False
Let r = 766 + -136. Let z = 383 - r. Let d = 4844 + z. Is d composite?
False
Let n(w) = w**3 + 21*w**2 - 22*w + 6. Let i be n(-22). Let m(j) = 22*j**2 - 114*j + 3. Is m(i) composite?
True
Let t(h) = 3*h**2 - 5*h - 4. Let j be t(2). Let m be ((-6)/5)/(16/1520). Is ((-102)/(-18))/(j/m) a prime number?
False
Let a(j) = 5554*j**2 + j + 1. Let v be a(-1). Let h(k) = 22*k + 1936. Let t be h(-88). Suppose t = 2*y - 0*y - v. Is y a composite number?
False
Let d = -7983 + 4858. Let u = d + 4656. Is u prime?
True
Suppose 71 - 15 = -8*m. Let o(s) = -9*s + s**3 + 49 - 64 - 5*s**3 - 17*s**2. Is o(m) prime?
True
Let y be (-1)/(-2)*(10 - (6 - 2)). Suppose -4*w + 20 = 0, 2*z - 2*w - 77 = y*w. Is z prime?
False
Let n = -229731 - -354332. Is n a prime number?
True
Suppose -101*c = -31*c - 909230. Is c a composite number?
True
Let m be -3 - 0 - (14 + -14). Let c be 138108/14 - m/21. Suppose -4*b - c = -9*b. Is b composite?
False
Is (-1 - -330834) + (-1428)/(-238) prime?
True
Let y = 17683 + -7794. Suppose 0 = 5*g - y + 704. Is g prime?
False
Suppose 42*p = 45*p + 12249. Is p/(-2)*(-56)/(-12) composite?
True
Let t = 113 + -137. Is -59*1*(-13 + t) a composite number?
True
Suppose -3*a = 3*b - 0*b + 33, a - 4 = 2*b. Is (-92405)/(-9) - a*(-2)/54 a composite number?
False
Let n(u) = -2*u**3 - 4*u**2 - 7*u - 5. Let g be n(-8). Let z = g - 1839. Let t = z - -1941. Is t composite?
True
Let a = -249 + 252. Suppose -3*b - u = -10759, 0 = -3*b - a*u + 4*u + 10763. Is b a composite number?
True
Let r be (-15)/25 + (-3)/(-5). Suppose -5*k = 5*v - 9 - 6, -4*k - 5*v + 17 = r. Is (2 - (-10)/6)/(k/(-102)) prime?
False
Let s = 16 + -14. Suppose -97 = -z + n - 4*n, -s*n = -8. Suppose 556 = f - z. Is f a prime number?
True
Suppose -4*h + 3*h - 4*a = -10316, 2*h - 20635 = -5*a. Suppose h = 7*f - 34627. Is f composite?
False
Is 3/((-99)/(-221469)) + (-16)/88 + 0 a composite number?
True
Is -13*(-6)/273 - (-8203842)/14 a prime number?
True
Let o = -19308 - -50874. Let k = o - 19925. Is k composite?
True
Let o(m) = -2307*m**3 + 40*m**2 + 50*m + 12. Is o(-7) a composite number?
True
Let q(v) = -2*v + 35. Let u be q(15). Suppose 4*k - 15537 = u*p, -k + p = k - 7767. Is k composite?
True
Let o = -37 + 37. Suppose 3*x - 5*x + 4 = o. Suppose -3*k + 5*a = -2311, 2*a - x = 3*a. Is k prime?
False
Let q(l) = 40*l + 561. Is q(31) prime?
True
Suppose 0 = i - 2*q - 7589, 6*i + q = 3*i + 22746. Let a = -4510 + i. Is a a composite number?
True
Let i(a) = 61639*a**2 - 29*a + 51. Is i(2) prime?
False
Is (5 - 3 - (-42419)/1)/(-98 - -99) composite?
True
Suppose 44*z - 12391194 + 1726906 = 12*z. Is z a composite number?
True
Let r be (-4)/(1 + 1) + 3. Let b(w) = 2*w**3 - w**2 - w + 2. Let g be b(r). Suppose 4*f = 5*k + 1795, -g*f = k - 155 - 732. Is f composite?
True
Is 5/(-4)*18/30 + (-1431495)/(-36) a prime number?
False
Suppose -4*d - 2*j = -5854, -3575 = -5*d + 2*j + 3747. Let f = 3166 - d. Is 3*(4 + f/6) composite?
False
Suppose -1606*p + 65524134 = -1528*p. Is p prime?
True
Let i be 4/12*42 + 0. Is (i/6 - 2)*(-2 - -2204) a prime number?
False
Let f be ((-15)/(-10) + -3)/((-33)/(-220)*-5). Suppose 0*t = -2*t - 56. Is t/7 - (-443 - (-2 + f)) prime?
True
Let n = 3103272 + -1812781. Is n a composite number?
False
Suppose 0 = -4*u + 4*b + 63440, 3*b + 79298 = -u + 6*u. Is u a composite number?
False
Suppose 41*f = 395726 - 97618 + 188275. Is f a prime number?
True
Let i(j) be the third derivative of 401*j**4/8 + 79*j**3/6 + 10*j**2 + 2*j. Is i(6) a composite number?
False
Suppose -58*d + 61*d = 6. Suppose -3*p = -d*p - 4. Suppose -w + 35 = p*q + q, 80 = 4*w + 5*q. Is w a prime number?
False
Suppose 1202057 - 3930337 = -4*s - 36*s. Is s a composite number?
False
Is (16/28)/(-8 - 14470632/(-1808828)) composite?
True
Let r(y) be the first derivative of 6200*y**3 + 4*y**2 + 7*y + 97. Is r(-1) prime?
False
Let f(a) be the first derivative of -384*a**2 + 6*a + 17. Let d be f(10). Let v = -5341 - d. Is v a prime number?
True
Let h(q) = 1460*q. Let r be h(2). Suppose -v - 2*c - 3*c - 1849 = 0, 7358 = -4*v - c. Let k = v + r. Is k a prime number?
False
Let g(c) = -c - 12. Suppose -9*v = 2 + 124. Let x be g(v). Suppose -1458 = -x*b + 1064. Is b a prime number?
False
Let j be (-1)/((-26)/90146) + (-4)/26. Let a = 9534 + j. Is a prime?
True
Suppose 4*q - 4 = 0, -3*x - 6 = -q - 14. Suppose 0 = -5*y + 5*b - 105, 6*b - 9 = x*b. Is (y + 35)*(0/2 + 151) a prime number?
False
Let h be (-3)/(-7) + -5 + (-375)/(-7). Is 21/(h/7) - 2488/(-1) a prime number?
False
Let y(d) = -d**2 - 35*d + 31. Let v be y(-35). Let u(c) = 17*c**2 - 35*c + 97. Is u(v) prime?
True
Let a(o) = -3*o**3 - 147*o**2 - 160*o - 213. Is a(-65) a prime number?
True
Let m be (78*(-7)/56)/(6/(-8)). 